 t be z(0). Suppose -5*d - 9 = t. Let f = 7 + d. List the prime factors of f.
3
Let v = 3551 + -2204. List the prime factors of v.
3, 449
Let d(g) = -180*g - 16. List the prime factors of d(-1).
2, 41
Let g = 32 - 37. Let o be 41 + 0 + (g - -1). Suppose -5*w = -4*h - 108, 4*w + 2*h - 65 = o. List the prime factors of w.
2, 3
Let f(u) = 657*u**3 - u**2 - 1. What are the prime factors of f(1)?
5, 131
Let a = -488 - -148. Let i be a/8 + 1/2. Let d = i + 59. List the prime factors of d.
17
Let r = 691 - 413. What are the prime factors of r?
2, 139
Let m(k) = -269*k**3 - 6*k - 8. List the prime factors of m(-2).
2, 7, 11
Suppose l = 2 + 3. Let f be l - -45 - (-3 - -1). Suppose f = 4*u - 16. What are the prime factors of u?
17
Suppose 0 = -39*x + 24661 + 59384. What are the prime factors of x?
5, 431
Suppose -72*l + 265714 - 65194 = 0. What are the prime factors of l?
5, 557
Suppose 42*t - 158904 = -52938. List the prime factors of t.
3, 29
What are the prime factors of 1697/1 + (-6 - 0/(-2))?
19, 89
Let i = -277 + 54. List the prime factors of (1 + i)*3/(-9).
2, 37
What are the prime factors of (0 - (-6)/9) + (-198200)/(-60)?
2, 7, 59
List the prime factors of (-24 - -27)*(291 - -2).
3, 293
Let o(j) = -j**2 + 6*j + 14. Let q be o(7). Suppose 143 = 4*y + q. Let h = 58 - y. What are the prime factors of h?
2, 3
Let n = -12 - -50. Let h = -54 + n. List the prime factors of h/6*(-147)/28.
2, 7
Let d(t) = -7 - 35*t + 5 + 7. List the prime factors of d(-3).
2, 5, 11
Let i be (1 + (0 - 4))*-1. Suppose -26*l + i = -23*l. List the prime factors of (l/3)/((-5)/(-30)).
2
List the prime factors of (-4704)/(-28)*(-16)/(-3).
2, 7
Let t(r) = 7*r - 24. Let b be t(-9). Let w = -138 - b. Let k = 88 + w. List the prime factors of k.
37
What are the prime factors of -4 + 607 - ((6 - 0) + -3)?
2, 3, 5
Let t = 103 - 57. Let m = 73 - t. Suppose 0 = 6*d - m - 45. List the prime factors of d.
2, 3
Let u(x) = 2*x**3 + 4*x**2 + 2*x. Let z be u(-2). Let y be 9/z*(-224)/12. Suppose 5*j + 7 = y. What are the prime factors of j?
7
Suppose -9 - 6 = -3*l. Suppose l*w = 232 + 63. Suppose -w = -3*o + 43. List the prime factors of o.
2, 17
List the prime factors of (-9325)/(-100)*1*12.
3, 373
Let f(c) = -15*c - 2 + 11*c**2 - 9 + 11*c**3 - 15*c**3 + 5*c**3. Suppose -2*v - 4 = -0*v, -2*b - 30 = 3*v. What are the prime factors of f(b)?
5
Let r = 682 + 965. What are the prime factors of r?
3, 61
Let v = 27 - 25. Suppose v*w + 221 = 5*u, -5*u + 200 = w + 4*w. List the prime factors of u.
43
Suppose 3*c - 12*z = -17*z + 1970, -2*c = -5*z - 1280. List the prime factors of c.
2, 5, 13
Let z(l) be the second derivative of -85*l**3/6 + l**2 - 14*l. List the prime factors of z(-1).
3, 29
Suppose r - 20 = -11*a + 6*a, -3*r + 5*a = 0. Suppose -4*z - 22 = r*b - 536, -2*z + 256 = 2*b. List the prime factors of z.
2, 3, 7
Let d(t) = 5*t**2 - 3*t + t**2 + 2 + 1. Let z be (51/(-6) - -9)*4. List the prime factors of d(z).
3, 7
Suppose -2*b + 1184 = -4*n, n = 4*b + 3*n - 2328. What are the prime factors of b?
2, 73
Let c be -11*(3 + -4) + -2. Let h = c + 14. Let o = h - 4. What are the prime factors of o?
19
Let m be (-1)/(4/(-92) - 0). Let u be ((-6)/3 - 1) + -11. Let z = m + u. List the prime factors of z.
3
Let f(h) = h. Let b be f(-9). Let v = 7 - b. What are the prime factors of v?
2
List the prime factors of (-4)/((30/5405)/(-3)).
2, 23, 47
Suppose -2*p - 1 = 2*w + 9, -4*p + 4*w - 60 = 0. What are the prime factors of (376/p)/(8/(-20))?
2, 47
Let b(h) be the second derivative of -h**4/6 + h**3/2 + 2*h**2 - 6*h. Let t be b(4). Let w = 31 + t. List the prime factors of w.
3, 5
Suppose 2*w = -4 + 2. Let p(m) be the first derivative of -4*m**4 + m**3/3 - m**2/2 - m + 3. List the prime factors of p(w).
17
Let g = -12 + 0. Let u = g + 16. Suppose -u*h + 41 = 3*o, 20 = -4*o - 0. List the prime factors of h.
2, 7
Let k = -694 - -3009. What are the prime factors of k?
5, 463
Suppose n + 27*y = 22*y + 3847, 11553 = 3*n + 3*y. List the prime factors of n.
2, 3, 107
List the prime factors of -387*11/66*-6.
3, 43
Let l(t) = 14 + 11 - t + 2*t + 0*t. List the prime factors of l(12).
37
What are the prime factors of (-1)/2*78/13 + 47?
2, 11
Suppose -20 = -4*m, -6*h + 7*h - 2*m = 163. List the prime factors of h.
173
Let w(b) = 2*b**2 + 8*b + 43. What are the prime factors of w(-8)?
107
List the prime factors of ((-2405)/5 + 0)*-1.
13, 37
Suppose -3*o = 3*p + 27, 0 = 5*o - 0*o + p + 33. Let v(w) = 8*w + 1. Let g be v(o). List the prime factors of (-2 - -5)/((-3)/g).
47
What are the prime factors of (-14)/((-70)/45) - -946?
5, 191
Let t(q) = -q + 7. Let v be t(6). Let d be 15/9 + v/3. Suppose c + b - 35 = 0, d*c - b + 175 = 7*c. What are the prime factors of c?
5, 7
Suppose 0 = 7*b + 47 - 964. Suppose -5*h + b = -59. What are the prime factors of h?
2, 19
Suppose -27 = -4*q + 273. Suppose i = -2*i + q. List the prime factors of i.
5
Suppose 5*w - 7 = 13. Suppose w*l - 3 = j + 14, 3*l - j - 12 = 0. Let s = l - -6. List the prime factors of s.
11
Let i = -3225 + 5429. What are the prime factors of i?
2, 19, 29
Suppose -11*s + 13769 + 8363 = 0. List the prime factors of s.
2, 503
Let g(o) be the third derivative of -1/4*o**4 + 0 + 4*o**2 + 0*o - 5/6*o**3. What are the prime factors of g(-6)?
31
Let n(d) = d**3 + 6*d**2 + 8*d - 8. Let a be n(5). Let t be (-4)/16 - a/4. List the prime factors of ((-108)/63)/(2/t).
2, 3, 11
Let p(y) = -y**3 - 5*y**2 + 2*y + 2. Suppose -13 = 5*o - 68. Suppose o*q - 9*q = -12. What are the prime factors of p(q)?
2, 13
Let c(t) = -t**3 + t**2 + t. Let l(g) = -139*g**3 + 2*g**2 + 4*g - 1. Let k(d) = 2*c(d) - l(d). What are the prime factors of k(1)?
2, 17
Let c = -487 - -808. List the prime factors of c.
3, 107
Let k = 34 - 21. Let f be 2/(-4) + (-316)/(-8). Let u = f - k. List the prime factors of u.
2, 13
Let x = -29 - -66. Suppose 2*i = x + 97. What are the prime factors of i?
67
Suppose 108 - 8 = 5*r. Suppose r = 3*t + t. Suppose 0 = -4*c + x + 7 + 58, t*x - 49 = -2*c. What are the prime factors of c?
17
Suppose -n - 13*k + 2317 = -15*k, 0 = -4*n + 4*k + 9284. List the prime factors of n.
3, 5, 31
Let b be (-7 + 1)*4/(-8). Suppose -5*s - b*f = -467, 2*s - 135 - 49 = -4*f. List the prime factors of s.
2, 47
Suppose -3*c - 3 + 9 = 0. Suppose 91 = 2*o - 6*o + j, 3*j + 63 = -c*o. List the prime factors of ((-15)/(-4))/((-6)/o).
3, 5
Suppose w = -2*w + 12. Suppose 0 = 2*c - 4*a - 8, -w*c + 0*a - 3*a + 16 = 0. Suppose -3*b + c*b = 21. What are the prime factors of b?
3, 7
Suppose 0 = -5*y + 15, g + 0*y - 6 = y. Suppose g*x - 1536 = 102. List the prime factors of x.
2, 7, 13
List the prime factors of 4/(-2)*-1*(-75453)/(-42).
3593
Let y(p) = 6*p**2 - 4. Let m(v) = v**2 + 11*v + 6. Let t be m(-10). Let z be y(t). Suppose 3*g = -g + z. List the prime factors of g.
23
Suppose -5*n + 35 - 10 = 0. Suppose -l + 1 = -n*k, -28 = -5*l + 3*k - k. Suppose -l*t + 0*t = -456. List the prime factors of t.
2, 19
Suppose 2*k + 2 = 6. Let c(o) = 8*o**2 + 3*o - 3. What are the prime factors of c(k)?
5, 7
Suppose -81 = 3*n + 4*k, 3*n + k + 43 = -38. Let x = n - -53. What are the prime factors of x?
2, 13
Let k be ((-2)/(-6)*-2)/(13/(-39)). Suppose 6*l + k - 98 = 0. List the prime factors of l.
2
List the prime factors of 2/5 - 48036/(-300)*5.
3, 89
Suppose 3*j + 4*z - 10259 = 0, 0 = j - 13*z + 8*z - 3388. What are the prime factors of j?
3413
List the prime factors of (-3)/2*(-391034)/357.
31, 53
Let x(j) = 28*j**3 - j. Let n be x(1). Let i be (n/(-15))/((-2)/10). Suppose 0 = -i*y + 4*y + 65. What are the prime factors of y?
13
Suppose 8 = p + 4. Suppose 2*w - 18 = -2*y, y - p + 3 = 0. List the prime factors of w.
2
Suppose 31 = -8*j - 121. Let b = 58 + j. What are the prime factors of b?
3, 13
Let p(q) = -1287*q - 60. What are the prime factors of p(-4)?
2, 3, 53
Suppose -u = 2*u - 45. Suppose 4*k - k = u. Suppose -2*z - 3*z + 114 = c, -k*z + 102 = -2*c. What are the prime factors of z?
2, 11
List the prime factors of 3 + -6 - (-4778 - -19).
2, 29, 41
Suppose -x = 5*i - 4896, -x + 4851 + 29 = i. List the prime factors of x.
2, 23, 53
Let k(c) = 2*c - c**2 + 4 + 3*c + c**3 - 6*c - 2*c**2. Let a be k(3). Suppose 21 = 5*q + a. List the prime factors of q.
2
Let f = -60 - 92. Let a = -29 - f. What are the prime